ousands digit of 5653?
5
What is the units digit of 15760?
0
What is the tens digit of 1121?
2
What is the thousands digit of 1406?
1
What is the units digit of 640?
0
What is the units digit of 18642?
2
What is the hundreds digit of 8761?
7
What is the ten thousands digit of 185024?
8
What is the units digit of 1821?
1
What is the ten thousands digit of 26388?
2
What is the thousands digit of 31588?
1
What is the units digit of 980?
0
What is the hundreds digit of 13946?
9
What is the units digit of 765?
5
What is the ten thousands digit of 24386?
2
What is the units digit of 64?
4
What is the hundreds digit of 14399?
3
What is the units digit of 2049?
9
What is the ten thousands digit of 99250?
9
What is the hundreds digit of 312?
3
What is the ten thousands digit of 27663?
2
What is the ten thousands digit of 100787?
0
What is the hundreds digit of 2925?
9
What is the units digit of 750?
0
What is the thousands digit of 6201?
6
What is the hundreds digit of 1906?
9
What is the thousands digit of 2950?
2
What is the units digit of 26417?
7
What is the hundreds digit of 37218?
2
What is the thousands digit of 58775?
8
What is the units digit of 41065?
5
What is the tens digit of 4362?
6
What is the thousands digit of 3750?
3
What is the ten thousands digit of 81717?
8
What is the thousands digit of 4315?
4
What is the hundreds digit of 1236?
2
What is the thousands digit of 3609?
3
What is the thousands digit of 3164?
3
What is the units digit of 5029?
9
What is the units digit of 31522?
2
What is the units digit of 1862?
2
What is the units digit of 2013?
3
What is the tens digit of 75891?
9
What is the tens digit of 6843?
4
What is the units digit of 606?
6
What is the tens digit of 396?
9
What is the units digit of 601?
1
What is the thousands digit of 1862?
1
What is the hundreds digit of 31564?
5
What is the tens digit of 16912?
1
What is the units digit of 1886?
6
What is the hundreds digit of 4782?
7
What is the units digit of 633?
3
What is the hundreds digit of 11006?
0
What is the thousands digit of 5060?
5
What is the units digit of 1321?
1
What is the tens digit of 3008?
0
What is the tens digit of 49878?
7
What is the thousands digit of 2999?
2
What is the units digit of 113183?
3
What is the tens digit of 282?
8
What is the tens digit of 2900?
0
What is the tens digit of 3266?
6
What is the thousands digit of 2731?
2
What is the thousands digit of 2624?
2
What is the hundreds digit of 133362?
3
What is the thousands digit of 22245?
2
What is the units digit of 9183?
3
What is the tens digit of 52799?
9
What is the ten thousands digit of 10407?
1
What is the tens digit of 11778?
7
What is the thousands digit of 12065?
2
What is the units digit of 57664?
4
What is the tens digit of 43964?
6
What is the tens digit of 257?
5
What is the units digit of 98376?
6
What is the hundreds digit of 1793?
7
What is the tens digit of 5537?
3
What is the tens digit of 4938?
3
What is the hundred thousands digit of 120703?
1
What is the tens digit of 48743?
4
What is the hundreds digit of 21542?
5
What is the thousands digit of 3111?
3
What is the tens digit of 20828?
2
What is the tens digit of 10855?
5
What is the units digit of 29884?
4
What is the units digit of 1425?
5
What is the thousands digit of 18513?
8
What is the thousands digit of 112297?
2
What is the units digit of 46512?
2
What is the tens digit of 444?
4
What is the units digit of 3730?
0
What is the tens digit of 92011?
1
What is the ten thousands digit of 20256?
2
What is the tens digit of 7451?
5
What is the hundreds digit of 98971?
9
What is the tens digit of 6412?
1
What is the thousands digit of 4833?
4
What is the units digit of 6085?
5
What is the tens digit of 558?
5
What is the hundreds digit of 2067?
0
What is the hundreds digit of 6190?
1
What is the tens digit of 4211?
1
What is the units digit of 2660?
0
What is the units digit of 1337?
7
What is the tens digit of 1985?
8
What is the hundreds digit of 1997?
9
What is the hundreds digit of 26515?
5
What is the hundreds digit of 6990?
9
What is the tens digit of 662?
6
What is the units digit of 410?
0
What is the hundreds digit of 4898?
8
What is the hundreds digit of 1277?
2
What is the hundreds digit of 1010?
0
What is the tens digit of 3370?
7
What is the thousands digit of 7894?
7
What is the hundreds digit of 7781?
7
What is the thousands digit of 6000?
6
What is the hundreds digit of 360?
3
What is the hundreds digit of 38798?
7
What is the thousands digit of 20480?
0
What is the units digit of 697?
7
What is the tens digit of 5627?
2
What is the hundreds digit of 529?
5
What is the tens digit of 12130?
3
What is the ten thousands digit of 21896?
2
What is the tens digit of 1534?
3
What is the tens digit of 11546?
4
What is the thousands digit of 1974?
1
What is the units digit of 212?
2
What is the tens digit of 1678?
7
What is the tens digit of 2325?
2
What is the tens digit of 4647?
4
What is the units digit of 34254?
4
What is the hundreds digit of 4909?
9
What is the ten thousands digit of 49016?
4
What is the units digit of 84987?
7
What is the hundreds digit of 87629?
6
What is the hundreds digit of 7117?
1
What is the hundreds digit of 3272?
2
What is the thousands digit of 50503?
0
What is the tens digit of 714?
1
What is the tens digit of 1174?
7
What is the ten thousands digit of 73195?
7
What is the hundreds digit of 45287?
2
What is the units digit of 166?
6
What is the thousands digit of 1865?
1
What is the hundreds digit of 1022?
0
What is the tens digit of 4214?
1
What is the hundreds digit of 8567?
5
What is the tens digit of 184?
8
What is the tens digit of 1235?
3
What is the thousands digit of 1476?
1
What is the tens digit of 2107?
0
What is the thousands digit of 25811?
5
What is the units digit of 322?
2
What is the units digit of 10524?
4
What is the tens digit of 18363?
6
What is the units digit of 533?
3
What is the tens digit of 859?
5
What is the units digit of 181?
1
What is the thousands digit of 24609?
4
What is the thousands digit of 3789?
3
What is the thousands digit of 5871?
5
What is the tens digit of 15659?
5
What is the units digit of 34864?
4
What is the hundreds digit of 87556?
5
What is the hundreds digit of 33213?
2
What is the ten thousands digit of 12123?
1
What is the hundreds digit of 2747?
7
What is the tens digit of 4827?
2
What is the hundreds digit of 101495?
4
What is the tens digit of 901?
0
What is the thousands digit of 15502?
5
What is the units digit of 660?
0
What is the units digit of 12228?
8
What is the hundreds digit of 443?
4
What is the ten thousands digit of 35235?
3
What is the tens digit of 515?
1
What is the units digit of 1678?
8
What is the ten thousands digit of 16241?
1
What is the units digit of 7277?
7
What is the thousands digit of 7001?
7
What is the tens digit of 3720?
2
What is the hundreds digit of 1724?
7
What is the thousands digit of 50795?
0
What is the units digit of 8078?
8
What is the thousands digit of 49644?
9
What is the thousands digit of 1844?
1
What is the hundreds digit of 2195?
1
What is the units digit of 12804?
4
What is the units digit of 430?
0
What is the thousands digit of 6326?
6
What is the thousands digit of 133118?
3
What is the tens digit of 851?
5
What is the tens digit of 713?
1
What is the hundreds digit of 168?
1
What is the tens digit of 8338?
3
What is the hundreds digit of 6896?
8
What is the units digit of 3924?
4
What is the hundreds digit of 7531?
5
What is the units digit of 11234?
4
What is the hundreds digit of 17486?
4
What is the thousands digit of 4769?
4
What is the tens digit of 3154?
5
What is the thousands digit of 4750?
4
What is the hundreds digit of 115489?
4
What is the tens digit of 1053?
5
What is the hundreds digit of 1352?
3
What is the thousands digit of 21317?
1
What is the units digit of 7830?
0
What is the tens digit of 2567?
6
What is the hundreds digit of 1141?
1
What is the hundreds digit of 1338?
3
What is the thousands digit of 56948?
6
What is the units digit of 931?
1
What is the units digit of 30354?
4
What is the hundreds digit of 28847?
8
What is the tens digit of 4935?
3
What is the hundreds digit of 14508?
5
What is the tens digit of 69310?
1
What is the hundr